f) = 1 - 6*f + 3*f + 2*f. Let x(v) = -5. Let l(g) = 3*a(g) + x(g). Let m(y) = y - 7. Let c be m(4). Give l(c).
7
Let o(p) = 11*p + 5. Let k be (4/(-7))/(46/322). Calculate o(k).
-39
Let n(s) = s**3 - 7*s**2 + 6*s + 5. Let c(m) = 10 + 2 + 9*m - 7*m. Let x be c(-5). Let d be 6*(-3 + x)/(-1). Calculate n(d).
5
Let d(o) = -5*o**2 + 4*o**2 + 2*o**3 + 3*o**2. Suppose -2*p = -8*p + 2406. Suppose p - 409 = 4*g. What is d(g)?
-8
Suppose 6*l - 89 = -17. Suppose 0 = 6*h + l. Let y(u) = u**3 + 3*u**2 - u - 1. Calculate y(h).
5
Let p(y) be the third derivative of -y**6/120 + y**5/60 - y**4/24 + 9*y**3/2 + 29*y**2. Let l(b) be the first derivative of p(b). Calculate l(3).
-22
Let i(q) = -q**2 - 3*q + 1. Let w(j) = -3*j**2 - 7*j + 2. Let u be 6/2*(-12)/18. Let z(l) = u*w(l) + 5*i(l). Let b be 3/6 + (-2)/(-4). Calculate z(b).
1
Let u = 2 + 1. Let j = 2 + -2. Let a(y) = -y + 3 + 2*y**3 - y**2 - 3*y**3 + j*y**2 + 4*y**2. Calculate a(u).
0
Let k be (-13)/((-117)/(-90)) + 15. Let d(y) = y**3 - 6*y**2 - 6*y + 6. What is d(k)?
-49
Let z(r) = r**3 + r**2 - 1. Let c(f) = 7*f**3 + 4*f - 8. Let y(b) = c(b) - 6*z(b). Let o be -1 - (-1 + 0 + -4). Suppose -o*w = -3 - 17. Give y(w).
-7
Let u(s) = s. Let j be ((-32)/40)/((-4)/350). Let m = j - 65. Give u(m).
5
Let q(c) = c**3 + 5*c**2 + 4*c + 5. Let g be q(-4). Let z(m) be the second derivative of -g*m + 0 + 1/3*m**4 - 1/6*m**3 + 1/2*m**2. Give z(1).
4
Let j(q) = 3*q**3 + 4*q**2 - 7*q - 8. Let z(h) = 5*h**3 + 2 - 1 - 6*h**3 + h**2. Let f(i) = j(i) + 4*z(i). Determine f(6).
26
Let b(f) be the first derivative of f**4/2 - f**3 - 2*f**2 - 2*f + 863. Give b(4).
62
Let b(o) = -5*o - 1. Suppose -63 = 2*l - t, 5*l = 2*l - 3*t - 108. Let h = -11 - l. Let x = 20 - h. What is b(x)?
9
Let b(j) = j**2 + 12*j - 8. Suppose 4*y + 60 = -4*w, 5*y - 12 = 7*y - 4*w. Determine b(y).
-8
Let m(i) = 2*i - 8. Let u be m(0). Let a = u + 8. Let z(g) = -g**3 + 2 + g**2 - 4*g**2 + 2*g**2 + a*g**2. Give z(0).
2
Let u(h) = h**3 + 3*h**2 + h - 3. Let f be ((-240)/(-72))/((-2)/(-3)). Suppose t + 5*m - 7 = 5*t, 0 = 2*t + f*m + 11. Give u(t).
-6
Let g(t) = 5*t + 9. Let h(n) = 12*n + 21. Let d(x) = -7*g(x) + 3*h(x). Let o be -2 + 2/(-3)*-6. Determine d(o).
2
Let j = 2891 + -2896. Let b(i) = i**3 + 2*i**2 - 7*i - 4. Give b(j).
-44
Let z(c) be the first derivative of -3*c**5/20 - c**4/12 - c**3/6 - 29*c**2/2 - 47. Let s(i) be the second derivative of z(i). What is s(-1)?
-8
Let o(q) = 2*q - 7. Let g = -12 - -17. Let u(b) = -g*b + 0 - 2 - 3*b. Let j be u(-1). Determine o(j).
5
Let m(t) = t**2 + 5*t + 7. Let b be m(-3). Let h(k) = -3 + k - 3 + 1 + b. Let o be (1 - 0) + 2*1. Determine h(o).
-1
Suppose 0 = -16*l - 141 + 45. Let c(r) = -3*r - 6. Determine c(l).
12
Let k(p) be the first derivative of 1/2*p**2 + 33 + 2*p. Calculate k(-5).
-3
Let m(p) be the first derivative of -p**5/60 + 7*p**4/24 - p**3/3 + 3*p**2/2 + 18. Let n(b) be the second derivative of m(b). What is n(5)?
8
Let o = -4729 + 4730. Let j(l) = -8*l**2 - 2*l + 1. Suppose -2*s + 3 = -s. Let u(q) = 7*q**2 + 2*q - 1. Let w(b) = s*u(b) + 4*j(b). What is w(o)?
-12
Let o(u) = -2*u + 1. Let z(b) = 10*b - 6. Let r(q) = 11*o(q) + 2*z(q). Give r(-6).
11
Let u(p) = -20*p + 11 + 2*p**2 + 14 + 2 - p**2 + 10*p. What is u(11)?
38
Let i(q) = -4*q + 1. Let u = 78 - 73. Suppose -12*z + 17*z + u = 0. What is i(z)?
5
Let w(f) = 14*f**2 + 82*f - 18. Let l be w(-6). Let j(t) = -7*t - 9. What is j(l)?
33
Let k be ((-8)/3 - -3*1)*-3. Let n(c) = -c - 195 + 195 + 2*c. What is n(k)?
-1
Let p(u) = 2*u**2 + 2*u**2 - 3*u**2 + 6*u. Suppose 16 = -5*x - 5*q + 1, 4*x - 3*q = -33. Give p(x).
0
Let o be (-12)/(-72) - (-37)/(-6). Let b be ((-20)/8)/((-3)/o). Let z(j) = -j**2 - 12*j - 7. Let k(n) = -n**2 - 11*n - 7. Let s(l) = 6*k(l) - 5*z(l). Give s(b).
-2
Let o(l) be the first derivative of l**3/3 + 7*l**2/2 - 6*l + 4. Let y be o(-8). Let b(g) = -3*g**2 - 10 + 8*g - 5*g**2 + 7*g**y. Determine b(7).
-3
Let y(i) = -i**2 + 27*i - 171. Let k be y(16). Let o(n) = -n**2 + 6*n. Give o(k).
5
Suppose -8 = -2*f - 2. Suppose -11 = -3*c + 5*p, c - f*p = -3*c. Let q(v) = -4*v**2 - 4*v - v**3 + v - v - 4. Determine q(c).
-1
Let d be 1/((-30)/(-44) + 38/(-209)). Let m(n) = -n**3 + n**2 + 3*n - 2. Give m(d).
0
Let k(x) = -30*x + 33. Let b(p) = -31*p + 41. Let v(n) = 4*b(n) - 5*k(n). What is v(1)?
25
Let g(r) be the second derivative of -r**8/448 - r**7/2520 - r**4/6 - 2*r. Let v(p) be the third derivative of g(p). Suppose -31 = 18*j - 13. Calculate v(j).
14
Let w(y) = -y**3 - y**2 - 3. Suppose -5*u = -13*u + 24. Let q be (8/10)/4 + u/(-15). Give w(q).
-3
Let x(f) = -1099*f + 12 + 1096*f - 14. Determine x(2).
-8
Suppose 0 = 76*w - 80*w. Let y(l) be the third derivative of -l**5/60 - 7*l**3/6 - 5*l**2 - 3*l. Calculate y(w).
-7
Let z(a) = -a - 1. Let s(w) = 7*w + 2. Let g(q) = s(q) + 6*z(q). Give g(8).
4
Let z(n) be the first derivative of -n**2 - 3*n + 46. Determine z(-5).
7
Let m(q) be the first derivative of -1/4*q**4 - 36 - 11/2*q**2 - 10/3*q**3 - 13*q. Calculate m(-9).
5
Let c(f) be the third derivative of -f**7/360 + f**6/720 + f**5/120 - 7*f**4/12 + 10*f**2. Let i(u) be the second derivative of c(u). What is i(-1)?
-7
Let n(a) = 30*a - 39*a + 17 - 686*a**2 + 685*a**2. Calculate n(-11).
-5
Let s(p) = -2*p**2 - 13*p + 3. Let z be s(-6). Let w(a) = -2 + 11*a - z*a + 5 - 3*a. Give w(0).
3
Let a be 15 + ((-6)/5)/(24/80). Let q(y) = -52 + a + 18 + 2*y + 17. What is q(6)?
6
Let n(s) = -4*s**3 + 8*s**2 + 9*s + 11. Let x(a) = -a**3 + 3*a**2 + 3*a + 4. Let t(l) = -2*n(l) + 7*x(l). Determine t(-4).
10
Let w(g) = 6*g + 41. Let o(c) = 4*c + 23. Let k(z) = 8*o(z) - 5*w(z). Give k(12).
3
Let g(v) = -v**3 - 6*v**2 - 2*v - 1. Let m(b) be the third derivative of b**5/60 - b**4/4 + b**3/2 + 4*b**2. Let y be m(3). Calculate g(y).
11
Let n(d) = 10 + d - 7 - 5. Let r(p) = -p**2 + 5*p - 2. Let y be r(2). Determine n(y).
2
Let l(p) = 34*p + 3. Let b(w) = -18*w - 2. Let k(q) = -5*b(q) - 3*l(q). What is k(2)?
-23
Let p(d) = 5*d + 9. Let w(z) = 14*z + 27. Let f(a) = 17*p(a) - 6*w(a). Let l be (2 + 2 + -3)*-17. Let h = -12 - l. Determine f(h).
-4
Let a(z) = z + 1. Let s be (-31)/(-2) - 2/(-8)*-2. Suppose -13 = -2*w + 5*t, 5*w = -t - 4*t + s. Give a(w).
5
Let y = 732 - 741. Let g(t) = t**3 + 10*t**2 + 9*t + 1. Determine g(y).
1
Suppose 3*s = -4*y + 12, -2*s = 2*s - 16. Let h(k) = -k**2 - k + 12. Let c be h(y). Suppose -4*l + c = -8*l. Let g(p) = -p**2 - 3*p - 4. Give g(l).
-4
Suppose 4*n + 2 = -2*x, 0 = -2*x + 42*n - 47*n - 3. Let l(c) = c**2 - 1. Give l(x).
0
Let m(o) = 2*o**3 - 2*o**2 - 6. Let y(r) = -5*r**3 + 5*r**2 + r + 13. Let h(t) = 7*m(t) + 3*y(t). Let c = -97 + 99. Calculate h(c).
-1
Let t = -86 - -94. Let c(l) = -l + 13. Give c(t).
5
Suppose 0 = -3*b + 4*b - 3. Suppose 5*l = -2*x + 68, 4*l + b*x - 75 = -22. Suppose 5*h + l = -16. Let a(u) = u**2 + 6*u - 4. Calculate a(h).
-4
Let i be (-12 - -9)/1 + 19/6. Let j(a) be the second derivative of i*a**3 - 4*a - 6*a**2 + 0. Calculate j(0).
-12
Let s(k) = -2 + 6*k - 3 - 3*k**2 + 2*k**2. Suppose -4*b - b = -10, -6 = -3*w + 3*b. Calculate s(w).
3
Let p(g) = 2*g**2 + 2*g - 12. Let u(o) = -5*o**2 - 5*o + 36. Suppose 18 = 14*c - 8*c. Let d(x) = c*u(x) + 8*p(x). Suppose -3*h = -0*h. What is d(h)?
12
Let t(d) = d**2 - 10*d + 21. Suppose 5*u + 0*y - 32 = y, 2*u - 5 = 3*y. What is t(u)?
0
Let d(h) = 10*h**2 - 3*h**2 + 2*h - 1 - 9*h**2. Determine d(-2).
-13
Let u(m) be the third derivative of -1/24*m**4 + 0*m + 1/60*m**5 + 0 - 20*m**2 - 1/3*m**3. Let g(z) = -2*z**2 - z + 1. Let h be g(1). Give u(h).
4
Let a(q) = -7*q**2 - 31*q + 8. Let v(b) = 2*b**2 + 10*b - 3. Let k(h) = -3*a(h) - 10*v(h). What is k(5)?
-4
Let m = 12 + -15. Let t(h) = -11*h**3 + 2*h**2 + 23*h + 4. Let b(v) = 7*v**3 - v**2 - 15*v - 3. Let w(p) = -8*b(p) - 5*t(p). Determine w(m).
-2
Let s(g) = 4*g. Suppose -3*h + 20 = -t, 2*t + 2*h = -0*h - 24. Let r(k) = k + 1. Let l be r(t). Let j be 28/l + 30/195. Determine s(j).
-8
Let i(p) = -p + 6. Suppose -33*u + 37*u - 14 = 3*b, -4*b = -3*u + 7. Determine i(b).
4
Let d = 7 + -11. Let j(o) be the first derivative of -o**5/20 - 5*o**4/12 - o**3/2 - o**2/2 + 6*o - 21. Let v(u) be the first derivative of j(u). Give v(d).
-5
Let l(b) = -b**2 + 23*b - 23. Suppose -4*k + 5*i + 73 = 0, k + 6*i - i = 37. What is l(k)?
-1
Let i(z